es 5236 divide 1246665420?
True
Does 8 divide 294807721?
False
Does 127 divide 129931541?
True
Is 2255 a factor of 750178199?
False
Is 12 a factor of 36550164?
True
Does 105 divide 5472830?
False
Is 4416 a factor of 1381902749?
False
Does 2587 divide 46091440?
False
Does 7134 divide 2523524088?
True
Does 906 divide 35918370?
True
Is 531398010 a multiple of 429?
True
Is 90068994 a multiple of 393?
False
Is 1205833520 a multiple of 34?
False
Is 673 a factor of 41433138?
False
Is 3244699 a multiple of 6?
False
Is 210784371 a multiple of 397?
True
Does 69 divide 90465624?
True
Is 25466635 a multiple of 19?
False
Is 1296501294 a multiple of 321?
False
Is 822 a factor of 634839066?
False
Is 170 a factor of 142578312?
False
Is 511 a factor of 8129143?
False
Does 173 divide 15867791?
False
Is 331732176 a multiple of 268?
False
Does 1545 divide 4399137210?
True
Does 332 divide 26283444?
True
Is 85 a factor of 925841826?
False
Is 114 a factor of 15354913?
False
Does 50 divide 6552402?
False
Is 8 a factor of 830227108?
False
Is 568 a factor of 68297793?
False
Does 6 divide 727737690?
True
Is 261945200 a multiple of 40?
True
Does 3829 divide 64997275?
True
Does 169 divide 257697062?
False
Is 223 a factor of 62495973?
True
Is 352 a factor of 2075476976?
False
Is 15477456 a multiple of 2?
True
Is 165433300 a multiple of 25?
True
Does 11 divide 44215204?
True
Does 193 divide 3717361555?
False
Does 2866 divide 67755106?
True
Does 102 divide 57117744?
False
Is 21 a factor of 5645557?
False
Is 184346932 a multiple of 22?
True
Is 2651566960 a multiple of 368?
True
Is 70600650 a multiple of 2174?
True
Is 1848 a factor of 2509584?
True
Is 16988549 a multiple of 17?
False
Does 57 divide 552569?
False
Is 1839870 a multiple of 90?
True
Does 194 divide 7455420?
True
Does 1042 divide 1185152044?
True
Is 74 a factor of 416499634?
False
Is 60 a factor of 64786680?
True
Is 583 a factor of 630317446?
True
Is 1739202891 a multiple of 23?
True
Is 243702101 a multiple of 63?
False
Is 32 a factor of 163677273?
False
Is 148 a factor of 791282444?
True
Is 20 a factor of 1253234096?
False
Does 5 divide 1432503225?
True
Does 36 divide 54149004?
True
Is 630 a factor of 28105452?
False
Is 102 a factor of 12710220?
True
Is 12 a factor of 3691450224?
True
Does 1392 divide 1584593209?
False
Does 201 divide 1361782236?
True
Does 48 divide 141689328?
True
Is 265758575 a multiple of 2?
False
Does 4974 divide 152907789?
False
Is 3 a factor of 2673372?
True
Is 2110759290 a multiple of 201?
True
Does 57 divide 72201918?
False
Does 9 divide 13600449?
True
Does 98 divide 3320730?
True
Is 162823500 a multiple of 875?
True
Is 506279853 a multiple of 17?
False
Does 1158 divide 4676428986?
True
Does 23 divide 3195362?
False
Does 735 divide 67986765?
True
Is 6 a factor of 92232586?
False
Is 37667767 a multiple of 1259?
False
Is 4 a factor of 3011969?
False
Is 164450451 a multiple of 849?
True
Is 209784693 a multiple of 74?
False
Is 531 a factor of 544967955?
True
Is 85436745 a multiple of 5130?
False
Does 203 divide 28724469?
False
Is 81003902 a multiple of 203?
True
Is 480457925 a multiple of 3329?
True
Is 55 a factor of 904146842?
False
Is 40 a factor of 233516012?
False
Is 194 a factor of 50010678?
True
Is 600 a factor of 273974384?
False
Does 40 divide 13342906?
False
Does 8 divide 8736590?
False
Does 404 divide 7454391?
False
Is 735 a factor of 80850?
True
Does 727 divide 358029966?
False
Does 9 divide 1404323158?
False
Is 10916811 a multiple of 57?
True
Does 475 divide 157944802?
False
Does 48 divide 6222964?
False
Is 33 a factor of 5537524259?
False
Is 33606666 a multiple of 458?
True
Is 115261324 a multiple of 46?
False
Is 16878223 a multiple of 4?
False
Is 63099834 a multiple of 618?
False
Is 51 a factor of 7298796?
False
Is 1940190120 a multiple of 19?
False
Is 70230491 a multiple of 20?
False
Does 457 divide 668024740?
False
Does 375 divide 178013088?
False
Does 86 divide 29887029?
False
Does 8 divide 35920994?
False
Is 5370719 a multiple of 48?
False
Is 24 a factor of 252829128?
True
Is 26427762 a multiple of 408?
False
Is 1144 a factor of 1804088?
True
Is 39514680 a multiple of 76?
True
Is 14 a factor of 672040806?
False
Is 17 a factor of 390965402?
False
Does 439 divide 16202047?
False
Does 53 divide 1788312739?
False
Is 3372 a factor of 349023978?
False
Is 6159 a factor of 1456744313?
False
Does 408 divide 151640983?
False
Is 337687373 a multiple of 68?
False
Is 4487696 a multiple of 1878?
False
Is 684876168 a multiple of 27?
True
Is 15 a factor of 5727360?
True
Is 156 a factor of 51729400?
False
Is 18 a factor of 2023887200?
False
Is 21 a factor of 322649271?
True
Does 31 divide 13061720?
False
Is 2133 a factor of 33293997?
True
Does 248 divide 814078464?
False
Does 5170 divide 1447263950?
True
Does 2312 divide 3660927152?
True
Is 3114 a factor of 630896649?
False
Is 76154325 a multiple of 37?
True
Does 776 divide 11678800?
True
Is 65 a factor of 37006515?
True
Is 14 a factor of 74172546?
True
Is 388332661 a multiple of 201?
False
Is 1071791178 a multiple of 4627?
False
Does 11 divide 730256923?
True
Is 683143993 a multiple of 4377?
False
Is 658278 a multiple of 49?
False
Is 411 a factor of 89251476?
False
Is 989548732 a multiple of 844?
False
Does 154 divide 58655392?
False
Is 208742225 a multiple of 2600?
False
Is 41 a factor of 117926671?
False
Is 1212777735 a multiple of 13?
True
Is 41 a factor of 1415954854?
False
Does 76 divide 524626066?
False
Is 207093514 a multiple of 904?
False
Is 10928807 a multiple of 4?
False
Does 2466 divide 53343736?
False
Is 6469359 a multiple of 31?
True
Is 641046160 a multiple of 29?
True
Is 40 a factor of 2895332680?
True
Is 74 a factor of 1596515738?
True
Is 58 a factor of 1556719100?
False
Is 30 a factor of 1272839?
False
Is 1055474265 a multiple of 754?
False
Is 370517715 a multiple of 929?
True
Is 248927 a multiple of 43?
True
Is 72505614 a multiple of 138?
True
Is 53327040 a multiple of 195?
True
Is 133 a factor of 58041303?
False
Is 21 a factor of 232804278?
True
Does 291 divide 278371257?
False
Is 1859592 a multiple of 56?
True
Is 401 a factor of 35176522?
True
Is 1968 a factor of 51248688?
True
Is 3919025805 a multiple of 635?
False
Is 151 a factor of 773350603?
False
Does 43 divide 45154212?
False
Does 22 divide 429488054?
False
Does 7 divide 98548609?
False
Is 3023740401 a multiple of 51?
False
Does 291 divide 944770203?
True
Is 39038289 a multiple of 417?
True
Is 387331337 a multiple of 644?
False
Is 12432675 a multiple of 705?
True
Does 158 divide 44562935?
False
Is 142 a factor of 1812390880?
False
Is 55880408 a multiple of 142?
True
Is 69 a factor of 60451382?
False
Is 82898760 a multiple of 420?
True
Does 11 divide 4412124?
False
Does 88 divide 1292220688?
True
Is 1640819 a multiple of 7?
False
Is 541 a factor of 24836153?
False
Is 23183458 a multiple of 9?
False
Is 50 a factor of 266517600?
True
Is 361 a factor of 16059446?
True
Is 1900924056 a multiple of 329?
False
Is 572 a factor of 23437700?
True
Is 65202020 a multiple of 52?
True
Is 27 a factor of 9183537?
True
Is 15573039 a multiple of 2?
False
Is 1566 a factor of 170474447?
False
Does 11 divide 15618746?
True
Does 6 divide 29551375?
False
Is 815 a factor of 45514490?
True
Does 12 divide 81765965?
False
Is 2680 a factor of 1661439200?
True
Does 8 divide 92897880?
True
Is 1141 a factor of 123006554?
False
Is 4468926 a multiple of 51?
True
Is 96 a factor of 10915680?
True
Does 12 divide 186135156?
True
Is 15 a factor of 125323021?
False
Does 7 divide 54060314?
True
Is 86 a factor of 302348165?
False
Does 623 divide 143674391?
True
Is 1932 a factor of 1048720512?
True
Is 393210171 a multiple of 9?
True
Is 1437296887 a multiple of 6?
False
Does 102 divide 306076516?
False
Is 344956462 a multiple of 22?
False
Does 11 divide 121568183?
True
Is 34449694 a multiple of 23?
False
Does 46 divide 259883578?
True
Does 9 divide 23599564?
False
Is 7 a factor of 6384476?
True
Is 185641029 a multiple of 14?
False
Is 80 a factor of 1380467440?
True
Is 305 a factor of 9709501?
False
Does 10 divide 862194?
False
Is 410 a factor of 16076510?
True
Does 351 divide 3881818?
False
Is 1099 a factor of 109806585?
True
Is 912 a factor of 353322713?
False
Is 64142364 a multiple of 39?
True
Is 590068